est common divisor of 131 and 554261.
131
What is the highest common factor of 306924 and 12?
12
Calculate the highest common factor of 896 and 119.
7
Calculate the highest common divisor of 14825 and 74718.
593
What is the greatest common divisor of 1318148 and 52?
52
Calculate the highest common factor of 17306 and 238.
34
Calculate the highest common divisor of 63 and 1412110.
7
What is the highest common factor of 12 and 6252?
12
What is the greatest common divisor of 1761 and 550019?
587
What is the highest common divisor of 8446 and 51250?
82
Calculate the highest common factor of 119475 and 1650.
75
Calculate the highest common divisor of 2639 and 1820.
91
Calculate the greatest common factor of 780 and 376662.
78
Calculate the greatest common factor of 231 and 62139.
231
Calculate the highest common factor of 620 and 33040.
20
What is the greatest common factor of 50598 and 45913?
937
Calculate the greatest common factor of 1666 and 986.
34
Calculate the highest common divisor of 6103 and 12478.
17
Calculate the highest common factor of 208 and 115518.
26
Calculate the greatest common factor of 445840 and 560.
80
Calculate the highest common factor of 8401 and 341.
31
What is the highest common factor of 2299981 and 1402?
701
Calculate the greatest common factor of 595 and 433075.
85
What is the highest common divisor of 800444 and 1552?
388
Calculate the highest common factor of 1242 and 10284.
6
What is the greatest common divisor of 56 and 4046?
14
Calculate the greatest common divisor of 9423 and 189.
27
What is the greatest common divisor of 190 and 194617?
19
Calculate the greatest common factor of 835 and 58283.
167
Calculate the greatest common factor of 31682 and 382228.
1022
What is the highest common divisor of 66598 and 207298?
938
What is the greatest common factor of 118602 and 297?
99
What is the greatest common divisor of 46372 and 8?
4
What is the greatest common factor of 2520 and 3735?
45
Calculate the highest common divisor of 9 and 1678986.
9
What is the highest common factor of 2680360 and 10?
10
Calculate the greatest common divisor of 31272 and 984.
24
What is the greatest common divisor of 427322 and 14?
14
What is the highest common factor of 5884618 and 1156?
578
Calculate the highest common divisor of 322 and 7498.
46
What is the greatest common factor of 1197 and 134197?
133
Calculate the highest common factor of 154 and 105721.
77
What is the greatest common divisor of 6720 and 5920?
160
Calculate the greatest common factor of 96226 and 9386.
26
Calculate the highest common factor of 2286526 and 2442.
814
What is the highest common divisor of 70 and 32270?
70
Calculate the highest common factor of 2570910 and 680.
170
Calculate the highest common divisor of 40 and 7466040.
40
What is the greatest common divisor of 658 and 442505?
329
What is the greatest common divisor of 184667 and 777?
259
What is the greatest common factor of 2352 and 462?
42
Calculate the greatest common factor of 280 and 826840.
280
Calculate the greatest common factor of 21280 and 2928.
16
Calculate the highest common divisor of 88 and 141.
1
What is the highest common divisor of 2533 and 88804?
149
Calculate the greatest common divisor of 2438 and 78.
2
What is the highest common divisor of 32763 and 4401?
489
What is the highest common factor of 136 and 1493756?
68
Calculate the greatest common factor of 5738 and 2774.
38
Calculate the greatest common divisor of 17776 and 308.
44
Calculate the greatest common divisor of 12810 and 12285.
105
Calculate the highest common divisor of 620074 and 4732.
182
Calculate the greatest common factor of 77 and 24057.
11
What is the greatest common divisor of 100 and 54270?
10
What is the greatest common factor of 1675 and 3800?
25
Calculate the highest common factor of 70164 and 180.
36
Calculate the greatest common divisor of 34443 and 178.
89
Calculate the greatest common factor of 124 and 49073.
31
What is the greatest common divisor of 2730 and 255801?
273
Calculate the highest common divisor of 959614 and 76.
38
Calculate the greatest common divisor of 2629 and 8019.
11
What is the highest common factor of 13205 and 1330?
95
Calculate the greatest common factor of 3068 and 46787.
767
What is the highest common factor of 1680 and 121080?
120
What is the highest common divisor of 96 and 38103?
3
Calculate the highest common divisor of 152159 and 119.
7
What is the greatest common factor of 157344 and 1584?
528
What is the greatest common factor of 1949 and 6476527?
1949
What is the greatest common divisor of 144415 and 51?
17
What is the greatest common divisor of 876856 and 1290?
86
Calculate the greatest common divisor of 37001 and 454.
227
What is the highest common factor of 3488 and 42074?
218
Calculate the greatest common factor of 10409 and 119.
7
Calculate the greatest common divisor of 80 and 25660.
20
Calculate the highest common divisor of 338 and 425711.
169
Calculate the greatest common divisor of 360366 and 1530.
102
Calculate the highest common factor of 575 and 48553.
23
What is the highest common divisor of 59 and 1708935?
59
What is the greatest common divisor of 74524 and 248?
124
What is the highest common divisor of 516 and 520?
4
Calculate the highest common factor of 18 and 35487.
9
Calculate the highest common divisor of 3012 and 616456.
1004
What is the greatest common factor of 10917 and 99?
9
What is the greatest common factor of 25908 and 66300?
204
What is the greatest common divisor of 2 and 220922?
2
Calculate the highest common factor of 1406 and 1266103.
703
What is the highest common factor of 42252 and 420?
84
What is the highest common factor of 222 and 837643?
37
Calculate the highest common factor of 416059 and 7.
7
Calculate the greatest common divisor of 325147 and 76.
19
What is the highest common divisor of 169 and 191?
1
What is the highest common factor of 49077 and 12?
3
What is the greatest common factor of 125580 and 364?
364
Calculate the highest common divisor of 182 and 151879.
91
Calculate the greatest common factor of 1420 and 160.
20
What is the highest common divisor of 122 and 977098?
122
Calculate the greatest common divisor of 6 and 1630149.
3
Calculate the greatest common factor of 6840 and 9690.
570
What is the highest common divisor of 215208 and 1617?
147
What is the highest common divisor of 6205299 and 211?
211
Calculate the greatest common factor of 31509 and 108.
27
What is the greatest common factor of 98 and 34356?
14
Calculate the greatest common divisor of 112 and 51646.
14
What is the greatest common divisor of 672840 and 10395?
945
What is the greatest common factor of 627 and 7809?
57
What is the highest common divisor of 20 and 565?
5
What is the greatest common divisor of 5358 and 60771?
141
What is the greatest common divisor of 140919 and 7024?
439
What is the highest common divisor of 122034 and 300828?
2838
Calculate the highest common factor of 7138 and 43990.
166
Calculate the highest common factor of 42 and 59003.
7
What is the highest common divisor of 14775 and 432?
3
What is the highest common divisor of 9404577 and 819?
819
What is the highest common factor of 6320 and 2212?
316
Calculate the highest common factor of 20933 and 29403.
121
What is the highest common factor of 43248 and 3968?
16
Calculate the greatest common divisor of 288 and 43824.
48
What is the highest common factor of 468 and 676?
52
What is the highest common divisor of 123 and 681?
3
Calculate the highest common factor of 3995 and 3290.
235
Calculate the greatest common divisor of 339577 and 4865.
973
What is the greatest common divisor of 818 and 1423729?
409
Calculate the greatest common factor of 520479 and 27.
27
What is the highest common divisor of 134 and 139427?
67
Calculate the highest common factor of 1906 and 100.
2
Calculate the greatest common factor of 270 and 147780.
90
What is the greatest common divisor of 1989 and 16029?
117
Calculate the highest common divisor of 848620 and 60.
20
What is the greatest common divisor of 197 and 52?
1
Calculate the highest common divisor of 20 and 396265.
5
What is the greatest common factor of 1349 and 26057?
71
What is the greatest common divisor of 8096 and 4136?
88
Calculate the 